the units digit of 48041/35 + -3*2/(-15)?
3
Suppose 437*c - 395*c - 120582 = 0. What is the thousands digit of c?
2
Let c be (-20970)/(-105) - (-6)/21. Suppose 0 = -5*u + 3*i + c + 796, 0 = 3*u - 4*i - 591. What is the hundreds digit of u?
2
Suppose 251735 = 40*u + 23058 - 3563. What is the hundreds digit of u?
8
Let q(b) = 2*b**2 + 55*b + 43. What is the hundreds digit of q(-70)?
9
Let d(c) = -109*c + 18088. What is the hundreds digit of d(51)?
5
Suppose 499 = 5*n - 2*g, 62 + 137 = 2*n - g. Let r = 95 - n. What is the hundreds digit of (-1 + -427)*3/r?
2
Suppose 0 = -2*g - 5*n + 65603, -3*g + 463*n + 98408 = 467*n. What is the hundreds digit of g?
8
Let o = -72 - -75. Suppose o*j = -5*y + 1611, -7*j - 3*y - 551 = -8*j. What is the units digit of j?
2
What is the thousands digit of 12249426/(-2030)*(-10)/6?
0
Let f(n) = n**2 + 2*n - 9. Let x be f(-5). What is the units digit of 1 - (x/(-9) + 248/(-6))?
3
Suppose -o - 18 = -3*y - 2*o, -2*y - 2*o = -16. What is the hundreds digit of (y - 3 - -152) + 36/9?
1
Suppose 3 = -3*i - 3*h, -3*i + h + 13 = 2*i. Suppose -g + 3 = i*g. Suppose -p = -2*p + 2*b + g, -4*b = p - 7. What is the units digit of p?
3
Suppose -64358 = -13*m + i, 4*m - 19789 = -2*i + 5*i. What is the units digit of m?
1
Let w = 2 + -1. Let r(h) = -h**2 + 1. Let z be r(w). Suppose z*i = d + i - 55, 3*d - 5*i = 149. What is the tens digit of d?
5
Let c(z) = 2*z**2 - 8*z - 3. Let v be -1 - -2 - (-8)/2. Let r be c(v). Suppose 0*m = -r*m + 287. What is the units digit of m?
1
Let l(b) = 29*b + 26. Suppose -5 = -o + 4*i + 6, -4*i + 33 = 3*o. What is the tens digit of l(o)?
4
Let l = 281 - -10118. What is the tens digit of l?
9
Let y be (-15)/10 + ((-75)/10 - -5). What is the tens digit of ((-1)/y)/(12/368)*90?
9
Suppose -7*a = 4114 - 369. Let l be 1*(-574)/2*1. Let o = l - a. What is the units digit of o?
8
Let f(y) = 8*y**2 - 8*y - 24. Let p(a) = a**2 - 1. Let v(m) = f(m) - 3*p(m). What is the units digit of v(-7)?
0
Suppose -14*p = 201 + 443. What is the tens digit of (-12)/3*(-1 + -1 + p)?
9
Suppose -6 = 14*q + 36. What is the hundreds digit of (248/(-6))/((-129)/(-45) + q)?
3
Suppose 0 = -4*q - 131 + 59. Suppose -38 + 94 = -l. What is the tens digit of (q/21)/(225/l - -4)?
4
Let g be -1 - ((-20)/5 - 243). Suppose -2*v + 114 = -0*t + t, 2*t - g = 5*v. Suppose -2*a = -t - 358. What is the hundreds digit of a?
2
Suppose 3*w = d + 19, w + 2*d + 14 = 3*w. Let t(g) = g + 711 + w*g - 661. What is the hundreds digit of t(9)?
1
Let a be 3/12 + 23/4. Suppose 4 = -4*f + a*f. Suppose -5*v + 4*v = 3*x - 24, -f*x + 51 = 3*v. What is the units digit of v?
5
Let g = -7 - -8. Let p be (1/g)/(1/3). Suppose -2*z + z = -p*r + 115, 0 = 3*r - 4*z - 109. What is the units digit of r?
9
Let y be (-13)/3 - -5 - 651/(-9). Suppose -60*m = -y*m + 5174. What is the units digit of m?
8
Let c(t) = -2*t**2 - 19*t - 24. Let i(s) = -s**2 - 10*s - 12. Let o(q) = -3*c(q) + 5*i(q). What is the units digit of o(6)?
0
Suppose -32 = -3*h + 1. Let n = -386 - -379. Let y = h - n. What is the tens digit of y?
1
Let h = -31 + 36. Suppose -5*k + 4*k + 3*m = -47, 0 = -h*k - 4*m + 292. What is the tens digit of k?
5
Suppose -22*v - 6*v + 255939 = -394249. What is the thousands digit of v?
3
Let b = 15915 - 11034. What is the thousands digit of b?
4
Let n(h) = -5*h**2 - h + 3. Let u be n(3). Let k be ((-108)/u)/((-1)/(-55)). Suppose -3*f = f - k. What is the units digit of f?
3
Let a = -218 - -329. Suppose 0 = 4*i - 16, -3*i + 383 = u + a. What is the tens digit of u?
6
Suppose 512*b = 515*b - 18207. What is the hundreds digit of b?
0
Suppose -2*k + 4377 = -8083. Suppose k = 36*f - 31*f. What is the units digit of f?
6
Let g = 26 + -40. Let y = 19 - g. Suppose -88 = -34*j + y*j. What is the tens digit of j?
8
Suppose -23*t + 18*t = 35*t - 537040. What is the thousands digit of t?
3
Suppose 4*q - 3*l - 156 = 0, -3*q + 118 = -3*l + l. Suppose 41*d = q*d - 248. What is the units digit of d?
8
Let i(n) = 1089*n**2 - 1083*n - 6544. What is the tens digit of i(-6)?
5
Let x(h) = h**3 + 8*h**2 + 15*h + 22. Let s be x(-6). Suppose -4*m - 5*y = -1468, 14*y + 1436 = s*m + 11*y. What is the tens digit of m?
6
Suppose -5*q + 145 = -3*y - 0*q, -2*y - 5*q - 105 = 0. Let j = -29 - y. Suppose -3*g + j = -132. What is the tens digit of g?
5
Suppose -24263*r + 24252*r = -261316. What is the thousands digit of r?
3
Suppose -10*o = -235 - 125. Suppose -28*a = -o*a + 3520. What is the tens digit of a?
4
Let s = -30954 - -70339. What is the units digit of s?
5
Suppose -4*r = -549 - 927. Suppose 14*t - 1311 = r. What is the tens digit of -1 + t + -2 + 1?
1
Let m = -390 + 394. Suppose 2*c = -3*q + 1972, m*q = 2*q - 3*c + 1323. What is the units digit of q?
4
Suppose p - 1 = n, -4*n + 4 = 3*p + p. Suppose x + n*x = 0. Suppose -5*m + 20 = x, 180 = 3*o + 2*m - 5*m. What is the units digit of o?
4
Let h be 3/(3/(-34)) + -38 + 44. What is the hundreds digit of ((-29710)/(-35) - 3) + (-4)/h?
8
What is the hundreds digit of -1*((-1)/(-13) - (-60542)/(-13))?
6
Suppose 0 = 94*r - 90*r + 280. Let j = r + 72. Suppose j*p = 3*u - 39 - 319, 0 = -5*u - 4*p + 560. What is the tens digit of u?
1
Let g(k) = -1487*k**3 - 5*k**2 - 15*k - 15. What is the hundreds digit of g(-3)?
1
Let v(k) = 11*k**2 - 18*k**2 + 41*k**2 + 4*k - 64 + 69. What is the hundreds digit of v(-2)?
1
Suppose 50*t = -126*t + 2015200. What is the tens digit of t?
5
Suppose 4*d + 19 + 3 = 3*y, 5*y = 3*d + 22. Suppose 0 = -y*o + 3*o - 5. Suppose -o*b + 172 = -193. What is the units digit of b?
3
Let u be 1 + (0 - 4)/4. What is the units digit of 156/1014 + (-4353)/(-13) + u?
5
Suppose -43 = -3*a - 28. Suppose -4*l + a*s = 0, 3*s - 9 = -5*l + 7*s. Suppose 245 = l*b + i, 2*i + 0*i = 2*b - 86. What is the units digit of b?
8
Let r(w) = -w**3 - w**2. Let g(y) = 4*y**3 + 14*y**2 - 9*y - 3. Let k(b) = g(b) + 5*r(b). What is the tens digit of k(-7)?
4
Suppose -3*y - 2*i - 11 = 0, 10 = -y - y - 4*i. Let o be ((-9)/(-18))/((-1)/24). What is the tens digit of y + 2 + o/4 - -65?
6
Let u = -24 + 18. Let l(d) = d**3 + 6*d**2 + 4. Let m be l(u). What is the tens digit of 154 + ((-1)/m*0)/(-2)?
5
Suppose 0 = 8*d + 1212 + 2084. Let i = -249 - d. Suppose -w = -0*b + 3*b - 45, 2*b = -3*w + i. What is the units digit of w?
7
Suppose 28*m - 99877 = 6411. What is the units digit of m?
6
Suppose 0 = -5*f - 9 + 14. What is the units digit of -30*(404/(-8) - (-4 + f))?
5
Suppose 5*t = -o - 18, 0 = 2*t + 3*o - 0 + 2. What is the hundreds digit of (8/6 - 2)*(-535 - t)?
3
Let u = 66 + -65. Let r be (-1)/((-5)/(-18))*(-6 + u). Suppose -82 = -4*b - r. What is the tens digit of b?
1
Suppose 4*z = 10*z + 7*z. Suppose -p + 625 = 4*x, 32*p - 30*p - 5*x - 1263 = z. What is the hundreds digit of p?
6
Let r be (-44)/(11 - 7) - -1. What is the hundreds digit of (6/(-4) + r + 13)*200?
3
Suppose 5*h + 3*m = 139989, 3*h - 2*m - 38409 = 45592. What is the tens digit of h?
9
Let a(y) = 10*y + 10*y + 7 - 11*y + 25. What is the units digit of a(15)?
7
Suppose 2*r = 5*x + 5615, 9*x - 8*x - 5585 = -2*r. What is the units digit of 6*(r/(-30))/(-13)?
3
Suppose 4*z - 5*t = 2288, z - 159 - 413 = 2*t. What is the hundreds digit of z?
5
Let x(v) = -4*v**3 - v**2 - 2*v - 2. Let g be x(-1). Let p(r) = 3*r**2 + 3*r**g + 10 - 16 - 7*r**2 + 3*r. What is the units digit of p(3)?
8
Suppose 15*k + 18489 - 48209 = 29470. What is the hundreds digit of k?
9
Suppose 0 = 5*k + 3*g + 90, 3*k + 3*g = 4*g - 54. What is the units digit of (-2)/3 - (-1923)/k*-2?
3
Let l = -46 - 6. Let x = 43 + l. What is the hundreds digit of (-9)/(x/8)*17?
1
Let l(q) = -192*q + 3195. What is the thousands digit of l(-47)?
2
Suppose -42*c - 66*c = -2866644. What is the ten thousands digit of c?
2
What is the thousands digit of ((-46)/23)/(28/(-54706)) - (-24)/56?
3
Let f = 43 + -31. Suppose -f = -m - 44. Let d = 115 + m. What is the units digit of d?
3
Let b = 52 - 52. Suppose q - 8 = -l + 3*l, b = 4*q - 4*l - 28. Suppose 4*r = -2*g + 440, 2*g - 456 = q*r - 2*r. What is the tens digit of g?
2
Suppose 3*t + 55 - 13 = 0. Let o = 12483 + -12476. What is the units digit of (o/(-2))/(t/532)?
3
Let z(n) = n**3 - 4*n**2 + 2*n + 3. Suppose -4*y = -2*q - 28, 4*y = 3*y + 4*q + 7. What is the tens digit of z(y)?
6
Let u be 1/((6/10)/(-3)). What is t